{"id":5674081,"date":"2018-07-24T11:36:28","date_gmt":"2018-07-24T11:36:28","guid":{"rendered":"https:\/\/www.logifin.ma\/2018\/?page_id=5674081"},"modified":"2018-09-02T09:03:56","modified_gmt":"2018-09-02T09:03:56","slug":"mentions-legales","status":"publish","type":"page","link":"https:\/\/www.logifin.ma\/2018\/mentions-legales\/","title":{"rendered":"MENTIONS L\u00c9GALES"},"content":{"rendered":"[vc_row full_width=\u00a0\u00bbstretch_row\u00a0\u00bb css=\u00a0\u00bb.vc_custom_1534350794181{background-image: url(https:\/\/www.logifin.ma\/2018\/wp-content\/uploads\/2018\/08\/banner_contact-1.jpg?id=5674552) !important;}\u00a0\u00bb][vc_column width=\u00a0\u00bb2\/3&Prime; css=\u00a0\u00bb.vc_custom_1534351264066{margin-right: 50px !important;margin-left: 50px !important;padding-top: 0px !important;}\u00a0\u00bb][vc_empty_space height=\u00a0\u00bb90px\u00a0\u00bb el_class=\u00a0\u00bbnorebro-phone-space\u00a0\u00bb]<div class=\"norebro-heading-sc heading text-left\"\r\n\tid=\"norebro-custom-6a06bb893ba2f\" \r\n\t data-aos=\"fade-up\" \r\n\t>\r\n\t\r\n\t\r\n\t\r\n\t<h2 class=\"title\">\r\n\t\tAccompagnement \u00e0 l\u2019Excellence\t<\/h2>\r\n\r\n\t\r\n\t\t\t<p class=\"subtitle\">\r\n\t\t\tExperts en accompagnement pour am\u00e9liorer et rationaliser tous les processus impliqu\u00e9s dans la gestion d'entreprise.\t\t<\/p>\r\n\t\t\r\n<\/div>[vc_empty_space el_class=\u00a0\u00bbnorebro-phone-space\u00a0\u00bb][\/vc_column][vc_column width=\u00a0\u00bb1\/3&Prime;][vc_empty_space height=\u00a0\u00bb250px\u00a0\u00bb el_class=\u00a0\u00bbnorebro-phone-space\u00a0\u00bb][vc_single_image image=\u00a0\u00bb5674545&Prime; img_size=\u00a0\u00bbfull\u00a0\u00bb alignment=\u00a0\u00bbright\u00a0\u00bb][vc_empty_space el_class=\u00a0\u00bbnorebro-phone-space\u00a0\u00bb][\/vc_column][\/vc_row][vc_row full_width=\u00a0\u00bbstretch_row\u00a0\u00bb css=\u00a0\u00bb.vc_custom_1534588646637{background-color: #f4f4f4 !important;}\u00a0\u00bb][vc_column][vc_single_image image=\u00a0\u00bb5674732&Prime; img_size=\u00a0\u00bbfull\u00a0\u00bb][\/vc_column][\/vc_row][vc_row full_width=\u00a0\u00bbstretch_row\u00a0\u00bb][vc_column css=\u00a0\u00bb.vc_custom_1502450761306{padding-top: 0px !important;}\u00a0\u00bb][vc_empty_space height=\u00a0\u00bb80px\u00a0\u00bb el_class=\u00a0\u00bbnorebro-phone-space\u00a0\u00bb][\/vc_column][\/vc_row][vc_row full_width=\u00a0\u00bbstretch_row\u00a0\u00bb][vc_column width=\u00a0\u00bb1\/4&Prime;][\/vc_column][vc_column width=\u00a0\u00bb3\/4&Prime;]<div class=\"norebro-text-sc \" \r\n\tid=\"norebro-custom-6a06bb893bb52\" \r\n\t \r\n\t>\r\n\r\n\t<p><strong><u>Note l\u00e9gale\u00a0<\/u><\/strong><\/p>\n<p>Le site internet est propri\u00e9t\u00e9 de LOGIFIN SARL et a un caract\u00e8re purement informatif au sujet des services que la soci\u00e9t\u00e9 propose aux entreprises et aux personnes physiques. Le fait d\u2019acc\u00e9der \u00e0 cette page web implique la connaissance et acceptation, de la part de l\u2019internaute, des conditions d\u2019utilisation:<\/p>\n<p><strong>ARTICLE 1 : TITULARIT\u00c9 DU SITE INTERNET<\/strong><\/p>\n<p>Le nom du domaine www.logifin.ma, est enregistr\u00e9 par la Soci\u00e9t\u00e9 PUBLIRIS SARL, en faveur de\u00a0:<\/p>\n<p>LOGIFIN SARL,<br \/>\nMr. M&rsquo;Hammed DHAIM<br \/>\nT\u00e9l :+212 5 39 34 02 36<br \/>\nEmail:\u00a0Contact@logifin.ma<br \/>\n43, bd Prince Moulay Abdallah, imm. Assad B, 1\u00b0\u00e9tage bureau N\u00b09.<br \/>\nTanger 90000 &#8211; Maroc<\/p>\n<p><strong>ARTICLE 2 : PROPRI\u00c9T\u00c9 INTELLECTUELLE<\/strong><\/p>\n<p>Tous les droits de propri\u00e9t\u00e9 intellectuelle de ce site web et de son graphisme, sont propri\u00e9t\u00e9 de LOGIFIN Sarl. Toute reproduction, distribution, communication publique et modification totale ou partiale, sans autorisation au pr\u00e9alable \u00e9crite de LOGIFIN Sarl est interdite.<\/p>\n<p><strong>ARTICLE 3 : ACTUALISATION ET MODIFICATION DU SITE WEB<\/strong><\/p>\n<p>LOGIFIN Sarl se r\u00e9serve le droit d\u2019actualiser, modifier ou \u00e9liminer l\u2019information contenu dans ce site web, et sa configuration ou pr\u00e9sentation, \u00e0 n\u2019importe quel moment, sans pr\u00e9avis et sans en assumer aucun type de responsabilit\u00e9 pour l\u2019avoir r\u00e9alis\u00e9.<\/p>\n<p><strong>ARTICLE 4 : TRAITEMENT DES DONN\u00c9S PERSONNELLES<\/strong><\/p>\n<p>Lorsqu\u2019un utilisateur utilise notre email de contact et facilite ainsi ses donn\u00e9es de caract\u00e8re personnel, il autorise express\u00e9ment LOGIFIN Sarl au traitement automatis\u00e9 de ses Donn\u00e9es Personnelles dans le but de recevoir des offres promotionnelles et publicitaires. LOGIFIN Sarl inclura les donn\u00e9es communiqu\u00e9es par l\u2019internaute dans un fichier de sa propri\u00e9t\u00e9 qui comptera sur toutes les mesures de s\u00e9curit\u00e9 n\u00e9cessaires et et seront trait\u00e9es conform\u00e9ment \u00e0 la Loi de protection des donn\u00e9es personnelles.<\/p>\n<p>Nous ne donnons ni ne vendons les informations personnelles permettant de vous identifier \u00e0 des tiers pour leur propre usage, sans votre consentement pr\u00e9alable.<br \/>\nChaque utilisateur ou abonn\u00e9 \u00e0 notre plateforme dispose d\u2019un droit d\u2019acc\u00e8s, de rectification ou de radiation des informations nominatives le concernant, qu\u2019il peut exercer \u00e0 l\u2019adresse :<\/p>\n<p>PUBLIRIS SARL,<br \/>\nResponsable fichier,<br \/>\n<em>BP 10218 T\u00e9touan 93000 Maroc<\/em><br \/>\nCette m\u00eame d\u00e9marche peut \u00eatre \u00e9galement effectu\u00e9e par l\u2019internaute en cliquant sur les hyper-liens \u00ab\u00a0Modifications donn\u00e9es personnelles\u00a0\u00bb et \u00ab\u00a0Se D\u00e9sabonner\u00a0\u00bb pr\u00e9sents sur le site web\u00a0www.logifin.ma.<\/p>\n<p><strong>LOGIFIN Sarl <\/strong>se r\u00e9serve le droit de transf\u00e9rer \u00e0 l\u2019\u00e9tranger les donn\u00e9es personnelles des utilisateurs, et ceci dans le cadre de la gestion de leur traitements.<\/p>\n<p><strong>ARTICLE 5 : PRIVACIT\u00c9 DES DONN\u00c9ES<\/strong><\/p>\n<p>5.1 \u2014 Les informations \u00e0 caract\u00e8re nominatif que vous pourriez nous donner sont prot\u00e9g\u00e9es conform\u00e9ment \u00e0 la loi n\u00b0 09-08 relative \u00e0 la protection des personnes physiques \u00e0 l\u2019\u00e9gard du traitement des donn\u00e9es \u00e0 caract\u00e8re personnel.<\/p>\n<p>5.2 \u2014 Les inscrits \u00e0 nos campagnes de communication acceptent que, lors de leur inscription, leurs donn\u00e9es nominatives pourront \u00eatre utilis\u00e9es lors de campagnes r\u00e9alis\u00e9es pour des partenaires commerciaux de <strong><a href=\"http:\/\/www.publiris.com\">PUBLIRIS SARL<\/a><\/strong>.<\/p>\n<p>5.3 \u2014 En utilisant notre Site Internet ou en participant \u00e0 nos diff\u00e9rentes campagnes de collecte de profils qualifi\u00e9s sondages, \u00e9tudes, \u2026), vous acceptez que nous collections et utilisions les donn\u00e9es personnelles vous concernant comme d\u00e9crit ci-dessus dans notre Politique de confidentialit\u00e9.<\/p>\n\t\r\n<\/div>[\/vc_column][\/vc_row][vc_row full_width=\u00a0\u00bbstretch_row\u00a0\u00bb][vc_column width=\u00a0\u00bb1\/4&Prime; css=\u00a0\u00bb.vc_custom_1502450761306{padding-top: 0px !important;}\u00a0\u00bb][\/vc_column][vc_column width=\u00a0\u00bb3\/4&Prime;][vc_empty_space height=\u00a0\u00bb30px\u00a0\u00bb el_class=\u00a0\u00bbnorebro-phone-space\u00a0\u00bb]<div class=\"norebro-text-sc \" \r\n\tid=\"norebro-custom-6a06bb893bbba\" \r\n\t \r\n\t>\r\n\r\n\t<p>[wp_ad_camp_2]<\/p>\n\t\r\n<\/div>[\/vc_column][\/vc_row]\n","protected":false},"excerpt":{"rendered":"<p>[vc_row full_width=\u00a0\u00bbstretch_row\u00a0\u00bb css=\u00a0\u00bb.vc_custom_1534350794181{background-image: url(https:\/\/www.logifin.ma\/2018\/wp-content\/uploads\/2018\/08\/banner_contact-1.jpg?id=5674552) !important;}\u00a0\u00bb][vc_column width=\u00a0\u00bb2\/3&Prime; css=\u00a0\u00bb.vc_custom_1534351264066{margin-right: 50px !important;margin-left: 50px !important;padding-top: 0px !important;}\u00a0\u00bb][vc_empty_space height=\u00a0\u00bb90px\u00a0\u00bb el_class=\u00a0\u00bbnorebro-phone-space\u00a0\u00bb][vc_empty_space el_class=\u00a0\u00bbnorebro-phone-space\u00a0\u00bb][\/vc_column][vc_column width=\u00a0\u00bb1\/3&Prime;][vc_empty_space height=\u00a0\u00bb250px\u00a0\u00bb el_class=\u00a0\u00bbnorebro-phone-space\u00a0\u00bb][vc_single_image image=\u00a0\u00bb5674545&Prime; img_size=\u00a0\u00bbfull\u00a0\u00bb alignment=\u00a0\u00bbright\u00a0\u00bb][vc_empty_space el_class=\u00a0\u00bbnorebro-phone-space\u00a0\u00bb][\/vc_column][\/vc_row][vc_row full_width=\u00a0\u00bbstretch_row\u00a0\u00bb css=\u00a0\u00bb.vc_custom_1534588646637{background-color: #f4f4f4 !important;}\u00a0\u00bb][vc_column][vc_single_image image=\u00a0\u00bb5674732&Prime; img_size=\u00a0\u00bbfull\u00a0\u00bb][\/vc_column][\/vc_row][vc_row full_width=\u00a0\u00bbstretch_row\u00a0\u00bb][vc_column css=\u00a0\u00bb.vc_custom_1502450761306{padding-top: 0px !important;}\u00a0\u00bb][vc_empty_space height=\u00a0\u00bb80px\u00a0\u00bb el_class=\u00a0\u00bbnorebro-phone-space\u00a0\u00bb][\/vc_column][\/vc_row][vc_row full_width=\u00a0\u00bbstretch_row\u00a0\u00bb][vc_column width=\u00a0\u00bb1\/4&Prime;][\/vc_column][vc_column width=\u00a0\u00bb3\/4&Prime;][\/vc_column][\/vc_row][vc_row full_width=\u00a0\u00bbstretch_row\u00a0\u00bb][vc_column width=\u00a0\u00bb1\/4&Prime; css=\u00a0\u00bb.vc_custom_1502450761306{padding-top: 0px !important;}\u00a0\u00bb][\/vc_column][vc_column width=\u00a0\u00bb3\/4&Prime;][vc_empty_space height=\u00a0\u00bb30px\u00a0\u00bb el_class=\u00a0\u00bbnorebro-phone-space\u00a0\u00bb][\/vc_column][\/vc_row]<\/p>\n","protected":false},"author":1,"featured_media":0,"parent":0,"menu_order":0,"comment_status":"closed","ping_status":"closed","template":"","meta":{"footnotes":""},"_links":{"self":[{"href":"https:\/\/www.logifin.ma\/2018\/wp-json\/wp\/v2\/pages\/5674081"}],"collection":[{"href":"https:\/\/www.logifin.ma\/2018\/wp-json\/wp\/v2\/pages"}],"about":[{"href":"https:\/\/www.logifin.ma\/2018\/wp-json\/wp\/v2\/types\/page"}],"author":[{"embeddable":true,"href":"https:\/\/www.logifin.ma\/2018\/wp-json\/wp\/v2\/users\/1"}],"replies":[{"embeddable":true,"href":"https:\/\/www.logifin.ma\/2018\/wp-json\/wp\/v2\/comments?post=5674081"}],"version-history":[{"count":7,"href":"https:\/\/www.logifin.ma\/2018\/wp-json\/wp\/v2\/pages\/5674081\/revisions"}],"predecessor-version":[{"id":5674887,"href":"https:\/\/www.logifin.ma\/2018\/wp-json\/wp\/v2\/pages\/5674081\/revisions\/5674887"}],"wp:attachment":[{"href":"https:\/\/www.logifin.ma\/2018\/wp-json\/wp\/v2\/media?parent=5674081"}],"curies":[{"name":"wp","href":"https:\/\/api.w.org\/{rel}","templated":true}]}}